se 4*y - 726 = -170. Suppose -34 = 7*n - y. What is the remainder when 41 is divided by n?
11
Let o = 3171 - 3145. Calculate the remainder when 590 is divided by o.
18
Suppose 86*k = 1178 + 1058. What is the remainder when 1581 is divided by k?
21
Suppose 33*m = 14*m + 5*m + 2912. What is the remainder when m is divided by 33?
10
Let p(r) = -r**2 - 130*r - 2550. What is the remainder when p(-29) is divided by 103?
70
Let h(d) be the first derivative of d**4/4 + 7*d**3/3 + 7*d**2/2 + 9*d + 5. Let o = -81 - -147. Calculate the remainder when o is divided by h(-5).
18
Let d(v) be the first derivative of -4*v**3/3 - 16*v**2 + 2*v - 13. Let b(m) = -27*m + 302. Calculate the remainder when b(11) is divided by d(-8).
1
Let z(c) = 9*c**2 - 83*c + 61. What is the remainder when z(-21) is divided by 25?
23
Let v = 495 + -519. Suppose 0 = -3*q - 26 + 2. Let f = q - v. Calculate the remainder when 62 is divided by f.
14
Suppose -622889 - 713145 = -166*j - 102322. Calculate the remainder when j is divided by 177.
175
Let i(u) = -2*u**2 + 2*u + 24. Let b be i(0). Let r(d) = -d**3 + 25*d**2 - 22*d - 36. What is the remainder when 107 is divided by r(b)?
11
Let f(g) = 38*g**3 + 7*g**2 - 7*g - 3. Let h(y) = -y**3 - y - 1. Let z(u) = f(u) - 2*h(u). Calculate the remainder when 75 is divided by z(1).
34
Let q = 12118 - 7181. What is the remainder when q is divided by 95?
92
Let x(k) = 2*k**2 - k + 10. Let s be x(0). Suppose 4*j - 124 = 4*f, -5*j - 14*f + s*f = -164. What is the remainder when j is divided by 20?
12
Calculate the remainder when (12 - (-19 - 186)) + -17 is divided by 124.
76
Suppose -4*n = -5*o + 12, -3*o + 18 = 12*n - 9*n. Suppose -2 = -4*l + 2*l. What is the remainder when l/(-4) + (-27)/(-12) is divided by n?
0
Suppose -9*i = -16*i + 84. Suppose -10*o = -4*o - i. Suppose -o*d = -5*z + 41, 2*d - 24 = -2*z - d. What is the remainder when 32 is divided by z?
5
Suppose 0 = -20*y + 12*y + 8208. Calculate the remainder when y is divided by 103.
99
Let w = 17954 - 17798. What is the remainder when 485 is divided by w?
17
Suppose 42*d = 33*d + 396. Suppose 12*x + d - 1244 = 0. What is the remainder when 998 is divided by x?
98
Suppose 816 = 3*f + 3*w, 2*w = 3*f - 8*f + 1345. Suppose 0 = -i - 4*o + 3*o + 28, 0 = -5*i + o + 134. Calculate the remainder when f is divided by i.
24
Let b(q) = 2*q**2 + 3*q + 1. Suppose -4*i + 0*i + 1576 = 3*y, -5*y + 774 = 2*i. Suppose 7*n = -5 + i. What is the remainder when n is divided by b(-4)?
14
Suppose -4*p = 14 - 106. Let c be 6 + (-192)/30 - (-32)/5. Suppose c*y = 8*y - 5*w - 205, 85 = y + w. Calculate the remainder when y is divided by p.
21
Let n(x) = 5*x + 53. Let f be n(26). Suppose 0 = 4*l + u - f + 35, -4*l + 148 = 4*u. What is the remainder when 369 is divided by l?
36
Let x(k) = -9*k - 1 - 4 + 14*k + 2*k. Let w be x(8). Let n = w - 41. Calculate the remainder when 49 is divided by n.
9
Suppose -4*x - 2*a = -7*x + 88, -4*x - 3*a + 106 = 0. Suppose 2*j + x = 98. Let s = j + 2. What is the remainder when s is divided by 14?
9
Suppose 5*v = -3*w + 5322, -v + w + 1038 = 6*w. What is the remainder when v is divided by 355?
3
Suppose 5*h = 15*h + 20. Suppose 0*y = y - 9. What is the remainder when ((-252)/2)/6*h is divided by y?
6
Let c(h) = -6 - 8 + 3*h - 2. Let i be c(7). Suppose i*s - 5*p - 670 = 0, p - 2*p = s - 130. Calculate the remainder when s is divided by 27.
24
Let z = 1902 + -1824. What is the remainder when 493 is divided by z?
25
Let f = -11 + 20. Suppose 10*g - f*g = 19. Suppose -7*h + 3*h - 53 = -y, -156 = -4*y + 2*h. Calculate the remainder when y is divided by g.
18
Let s = -1741 - -1826. Calculate the remainder when s is divided by 9.
4
Let t(f) = -19*f**2 + 38*f**2 + 15*f - 18*f**2 - 2 - 31. Calculate the remainder when 104 is divided by t(-18).
20
Let n(s) = -54*s - 1943. Suppose 3*a = 3*o - 6, 2*a = -4*o + 2 - 0. Let t = a - -3. What is the remainder when t is divided by n(-36)?
0
Let r(g) = -g**2 - 8*g - 13. Let j be r(-4). Suppose -2*x = 3*i - 230, -j*i + 214 = 9*x - 11*x. What is the remainder when 441 is divided by i?
71
Let f(r) = 40*r**2 + 26*r - 155. What is the remainder when f(7) is divided by 29?
15
Let v(j) = 4*j**3 - 68*j**2 - 118*j + 28. What is the remainder when v(19) is divided by 331?
12
Suppose 0 = b - 5*j - 5, -9*j + 5*j = -2*b + 28. What is the remainder when 1698 is divided by b?
18
Let s(u) = -9*u - 1. Let w be s(1). Let i = -13 - w. What is the remainder when 49 is divided by (-1)/i - 518/(-21)?
24
Suppose i + 275 = -4*z + 1551, 1283 = i - 3*z. Suppose -611 - i = -31*q. Calculate the remainder when 365 is divided by q.
60
Suppose 0 = 13*u + 79*u - 4784. Calculate the remainder when 670 is divided by u.
46
What is the remainder when 929 is divided by 78/(-273) - 2382/(-7) - (-2 - -10)?
265
Suppose -3*a + 0*a = -57. Suppose 9*k + a = 145. What is the remainder when 53 is divided by k?
11
Suppose -12*y + 1107 = 1474 - 1399. Calculate the remainder when 1453 is divided by y.
77
Let g(a) = a**3 + 6*a**2 + 5*a - 1. Suppose b = -3*c + 290, 138*c + 5*b - 120 = 137*c. Calculate the remainder when c is divided by g(-4).
7
Suppose 0 = 5*n + 2*d - 20 - 20, -3*d - 35 = -2*n. Calculate the remainder when 186 is divided by ((-12)/n)/(84/(-3500)).
36
Let v = 76 + -28. Let l = 225729 + -225592. What is the remainder when l is divided by v?
41
Let r = 3024 + -2917. Calculate the remainder when r is divided by 59.
48
Let r be (0 - 10)/(-3 + 47/15). Let u = 99 + r. Let o(w) = 41*w**3. Calculate the remainder when o(1) is divided by u.
17
Let y(k) = k**3 + 61*k**2 + 111*k + 126. Calculate the remainder when y(-59) is divided by 169.
32
Let f(k) = -5*k + 35. Let x be f(8). Let u(v) = 2*v**3 - v**2 - 9. Let c be u(x). Let o = 399 + c. What is the remainder when o is divided by 39?
37
Let f = -6653 - -6774. What is the remainder when 4595 is divided by f?
118
Let m(a) = -a**3 - 57*a**2 - 60*a - 26. Calculate the remainder when m(-56) is divided by 84.
30
Let h(d) = -3*d**2 + d + 100. Suppose 2*u - 35 - 51 = -z, 5*z - 5*u = 400. Calculate the remainder when z is divided by h(5).
22
Let k = 3481 - 3437. What is the remainder when k is divided by (-71 + 2)/(-3) - 2?
2
Suppose 0 = -13*k + 10*k + 2*q + 689, 3*k + 2*q = 673. What is the remainder when k is divided by 28?
3
Suppose 21*v - 23*v = 208. Let o = -103 - v. What is the remainder when 31 is divided by (60/50)/(3/(o - -14))?
1
Suppose 0*b - 3*b = -180. Suppose 0 = p - 13*p + b. Calculate the remainder when (-8)/5*25/(-15)*6 is divided by p.
1
Let f(p) = p**2 - 37*p + 3. Let m be f(37). Suppose -44 = -m*w - r, 4 = r - 1. What is the remainder when 167 is divided by w?
11
Suppose 0 = 5*r + d - 5, -d + 3 + 2 = 4*r. Suppose r = -4*k + 5*u + 39, 0 = -14*k + 15*k - 4*u + 4. Calculate the remainder when 40 is divided by k.
8
Let d = -3674 + 3754. Calculate the remainder when (-65)/(-2)*12/(-60)*-22 is divided by d.
63
Let w(q) = -331*q + 19. Let j = -16 + 27. Calculate the remainder when w(0) is divided by j.
8
Suppose 5*m - 3*g - 143 - 1 = 0, 4*m + 2*g - 124 = 0. Suppose -10*y - m = -150. Calculate the remainder when 43 is divided by y.
7
Let s = 5420 - 5363. What is the remainder when 168 is divided by s?
54
Let w = -7413 - -7507. Calculate the remainder when 771 is divided by w.
19
Suppose 71*n = 3519 + 2942. What is the remainder when 99 is divided by n?
8
Let h be -1*(-1 - 5/5). Let q(d) = 2*d + 2. Let s be q(h). Suppose 18 - s = v. What is the remainder when 18 is divided by v?
6
Suppose 3*j + 0*t = 4*t - 8, 2*t = 4. Suppose j = -y + 22 + 86. Let l = -41 + y. What is the remainder when l is divided by 24?
19
Suppose -h + 329 = 117. Suppose -13*p + 61 = -h. Calculate the remainder when 62 is divided by p.
20
Let t = 1161 + -1149. Suppose 37*d - 18*d = 1596. Calculate the remainder when d is divided by t.
0
Let y = 17874 + -12100. Calculate the remainder when y is divided by 105.
104
Suppose c - 3*d - 165 = 78, 5*c + d = 1135. Let s = c - 97. Let m = 55 - 33. What is the remainder when s is divided by m?
21
Let y(a) = -17*a - 293. Let h(u) = -11*u - 195. Let k(f) = -8*h(f) + 5*y(f). Calculate the remainder when 222 is divided by k(-27).
12
Let j = -9900 - -10052. Calculate the remainder when 431 is divided by j.
127
Suppose -772 - 604 = 4*r